*l. What is the greatest common divisor of 23 and q?
1
Let g = 133 - -798. What is the greatest common divisor of 98 and g?
49
Suppose -240 = -3*w - 21*w. What is the greatest common divisor of 2630 and w?
10
Let k be -28*(-2)/4 + 2. Suppose -3*f + 5*v - k - 14 = 0, 87 = -5*f - 4*v. Let r be (-654)/f - (-4)/10. What is the highest common factor of 22 and r?
22
Suppose -2*n = 2*b - 132, -5*n - 53 - 169 = -3*b. Suppose 5*h + 0*h + w - 181 = 0, -2*h + 3*w = -b. Calculate the highest common factor of h and 12.
12
Let o(w) = w**2 - 11*w - 15. Let d be o(13). Calculate the greatest common factor of 187 and d.
11
Let w be 14/((-8)/576*-8). Calculate the highest common divisor of w and 56.
14
Let m(t) = -19*t - 16. Suppose -3*p + p - 8 = 0. Let q be m(p). What is the highest common divisor of 15 and q?
15
Let x = 1 - -12. Let z(f) = 28*f**3 - 16*f**3 - 13*f**3 - 2*f**2 - 3*f**2 - 3*f - 2. Let r be z(-7). What is the greatest common factor of x and r?
13
Let y(l) = -l**2 + 3*l + 3. Let x be y(3). Suppose -4*s - x = 5. Let n be (2/3 - s)*6. Calculate the highest common factor of 4 and n.
4
Suppose 1651 = 5*y + 4*f + 287, -4*f = -4*y + 1120. What is the greatest common factor of 207 and y?
69
Suppose -2*r = -3*i + 19, 10 = -5*r - 2*i - 3*i. Let p = r - -11. Let l be -2 - (-20)/((-5)/(-1)). Calculate the highest common factor of p and l.
2
Suppose 3*v = 5*j + 94, 8*v = 4*v - 3*j + 106. Calculate the highest common divisor of v and 364.
28
Suppose 5*s = 4*j + 9*s - 1624, 0 = -j - 5*s + 406. What is the greatest common factor of j and 116?
58
Let z(h) = 70*h - 410. Let y be z(6). Suppose -g + 2*c = 4*c - 28, 0 = g + 3*c - 32. What is the highest common factor of g and y?
10
Suppose -50 = u - 6*u. Suppose -5 = -4*m - 1. Let f be 14/m + -2 + 3. Calculate the highest common factor of u and f.
5
Let i = -98 + 251. Let l be 1/(-2 + (-70)/(-34)). What is the greatest common factor of l and i?
17
Let n(l) = 24*l + 1150. Let q be n(-45). Let p be ((-3)/(-6))/(1/20). What is the highest common divisor of q and p?
10
Let k be (10/2)/(-5)*0. Let i be -3*(52/(-12) + k). Calculate the greatest common divisor of i and 65.
13
Let z = 135 - 120. Calculate the greatest common factor of 285 and z.
15
Let o be 189/(-18)*12/(-7). Let x(g) = -g**3 + 3*g**2 + 7*g + 3. Let y be x(-2). What is the greatest common divisor of o and y?
9
Suppose p + 5*h - 21 - 37 = 0, 0 = -2*h - 6. Calculate the greatest common factor of p and 219.
73
Let h be 2/(-1) - (0 + -3 - 3). Let a be 3*h*(-46)/(-24). Calculate the highest common divisor of a and 184.
23
Suppose 25*o = 1188 + 687. Calculate the highest common divisor of 1200 and o.
75
Suppose 10 = 5*c - 0, 3*c + 54 = 3*o. Suppose 5*q + 6 + 1 = 4*b, o = 5*b - 4*q. What is the greatest common factor of b and 12?
4
Let a be (-6)/(-6) - (1 - -4). Let c be (-5 - (a + 1))*-2. Let v = c - -8. What is the highest common factor of 60 and v?
12
Suppose 0 = 4*f + 7*f - 1078. What is the greatest common divisor of 14 and f?
14
Suppose -12*c - 1717 = -29*c. Suppose c + 43 = 2*w. Calculate the greatest common factor of 16 and w.
8
Suppose -4*i = -3*i - 5. Let t = -79 + 44. Let f = t - -70. Calculate the highest common factor of i and f.
5
Suppose h = 2*b - 118, -h - 17 - 40 = -b. Calculate the greatest common factor of 244 and b.
61
Let x = 104 - 62. Calculate the highest common divisor of 105 and x.
21
Let p = -8 + 10. Suppose p*g + 8 = w + 3*g, -2*w = 5*g - 28. What is the highest common divisor of w and 32?
4
Suppose -5*o - 35 = -2*l - 0, 2*o = 2*l - 50. Let y = -14 + 19. Suppose 0 = y*h - 3*h - 10. What is the highest common divisor of h and l?
5
Let c = -40 + 43. Suppose 2*t - t - 35 = c*u, 4*t - u = 129. Calculate the greatest common factor of t and 160.
32
Let z(m) = -m**3 + 13*m**2 - 10*m. Let u be z(7). Calculate the highest common factor of u and 48.
16
Suppose -15*i = 2320 - 8950. Calculate the greatest common divisor of 34 and i.
34
Let r(f) = 9*f - 2. Let a be r(2). Let w be (-10 + -2)*(-20)/30. What is the highest common divisor of w and a?
8
Let a = -89 + 109. Calculate the highest common divisor of a and 60.
20
Let d be 2580/35 + 10/35. Suppose -4*v - 210 = -2*b, 5*v = 2*b - 40 - 167. Calculate the highest common divisor of d and b.
37
Let f(z) = -z**2 + 2*z + 2. Let v be f(2). Let d(a) = 12*a**2 + a. Let n be d(v). Suppose 0*u + n = 5*u. Calculate the highest common factor of 15 and u.
5
Let k(i) be the second derivative of -i**5/20 + 2*i**4/3 + 5*i**3/2 - 13*i**2 - 8*i. Let l be k(9). What is the highest common divisor of l and 56?
28
Let p(r) = r**3 - 7*r**2 + 6*r + 5. Let j be p(6). Suppose -j - 1 = -3*z. Let m(d) = 11*d. Let u be m(2). Calculate the greatest common factor of u and z.
2
Let a = 337 + -310. Let q(y) be the third derivative of y**4/6 + y**3/3 - 3*y**2. Let j be q(4). What is the highest common factor of a and j?
9
Suppose 12*m - 38*m = -2574. Calculate the greatest common divisor of 528 and m.
33
Suppose 1610 + 140 = 10*o. Calculate the highest common factor of o and 25.
25
Let r be 6/10 + -6 + 2614/10. What is the highest common factor of r and 4?
4
Let c be (4/6)/(10/1095). Let j = c + -28. Calculate the greatest common divisor of 15 and j.
15
Let s be 40/(-32) + 9/(-12) - -37. Calculate the greatest common divisor of 14 and s.
7
Let r(v) = -6*v**2 + 2*v + 1802. Let i be r(0). What is the highest common divisor of 106 and i?
106
Let k be (44/6)/(2/6). Suppose 0 = 3*p + 4*h, -p - 2*h = -2 + 4. Calculate the highest common divisor of k and p.
2
Let r(t) = t**3 - 39*t**2 - 41*t + 175. Let b be r(40). Calculate the greatest common divisor of b and 105.
15
Let g(v) = v**3 + 6*v**2 + 7*v - 16. Let t be g(5). Suppose 3*s = t - 63. Let w be (7/4)/((-1)/(-4)). What is the highest common divisor of s and w?
7
Let k(i) = 6*i + 83. Let w be k(7). Calculate the greatest common factor of w and 100.
25
Suppose 11*w = 8*w. Suppose w = -o - 7 - 19. Let j be 3 - (o/2 + -3). Calculate the greatest common divisor of 38 and j.
19
Suppose 3*a - 299 = 5*n, 0 = 5*a + n + n - 457. Let g = 96 - a. Calculate the greatest common factor of g and 2.
1
Let p(t) = t**3 + 40*t**2 - 19*t - 249. Let w be p(-39). What is the greatest common factor of 11 and w?
11
Let i(k) = -3*k**3 - 2*k**2 + 2*k + 2. Let q be i(2). Let f(z) = -z**2 + 6*z + 9. Let t be f(7). Let p = t - q. Calculate the highest common divisor of 4 and p.
4
Let l(x) = 8*x**2 + x + 3. Let d be l(-3). Let z be ((-72)/10)/(901/(-170) + 5). Calculate the greatest common factor of d and z.
24
Suppose -31*r - 9 = -32*r. Suppose f - 17 = -l, -3*l + 6 = r. Calculate the highest common divisor of f and 18.
18
Let w(j) = 48*j**3 - 4*j**2 + 6*j - 2. Let k be w(1). Calculate the greatest common factor of 312 and k.
24
Suppose x = -1 + 4. Suppose -3*o = 4*z - 177, -2*o = x*z - 8*z - 141. Calculate the highest common divisor of o and 21.
21
Let o(m) = m**2 - 5*m + 13. Let v(b) = -4*b - 32. Let j be v(-6). Let h be o(j). Calculate the highest common divisor of h and 78.
39
Let b = 7 + -3. Suppose 5*n - 59 - 48 = -b*i, -4*n + 46 = 2*i. What is the greatest common factor of i and 33?
33
Suppose -4*u - 5*d + 6 = 0, 0*u + 3*u + d = -1. Suppose -8*i - 30 = -13*i. Let n = i - u. What is the greatest common divisor of 49 and n?
7
Let b be 310/6*(-9)/(-3). Calculate the greatest common factor of 248 and b.
31
Let g(o) = 14*o**3 + 3*o**2 - 8*o + 9. Let y be g(2). What is the highest common divisor of 18 and y?
9
Suppose 3*s + 2*f - 9 = 7, 0 = 4*f - 20. Let b(r) = r**3 + r**2 - r - 2. Let z be b(s). What is the greatest common factor of 56 and z?
8
Let l(a) = 1 - 2*a - a**2 + 10 - 2. Let v be l(-3). Let j(c) = -12*c. Let f be j(-2). Calculate the greatest common factor of v and f.
6
Let j(c) = -c**3 - 7*c**2 - 7*c - 4. Let d be j(-6). Suppose 0 = -d*f - 3*f + 10. What is the greatest common divisor of 4 and f?
2
Let j = -71 - -103. Calculate the highest common factor of j and 1504.
32
Let q be -1 - (1 - -2*1). Let v(u) = 10*u**2 + 1. Let f be v(1). Let s = q + f. What is the highest common divisor of s and 28?
7
Let s(d) = -d**3 + 24*d**2 + 3*d + 51. Let q be s(24). Calculate the highest common factor of q and 164.
41
Let m(n) = -n**2 + 14*n - 15. Let l be m(11). Suppose 5*c - 36 = -3*a + 20, 3*c = -15. What i